
True
Is 13 a factor of 16646?
False
Is 5 a factor of 2095?
True
Is 54 a multiple of 4?
False
Is 608 a multiple of 8?
True
Is 187 a factor of 5984?
True
Is 84 a multiple of 7?
True
Is 335 a factor of 15075?
True
Does 7 divide 3724?
True
Is 16 a factor of 10928?
True
Is 43 a factor of 43?
True
Is 15 a factor of 2880?
True
Is 67 a factor of 7632?
False
Is 10 a factor of 650?
True
Is 11148 a multiple of 6?
True
Is 39 a factor of 12870?
True
Does 40 divide 599?
False
Does 54 divide 8154?
True
Is 3134 a multiple of 8?
False
Is 14 a factor of 391?
False
Is 89 a factor of 92135?
False
Does 13 divide 5096?
True
Does 73 divide 1208?
False
Does 26 divide 896?
False
Does 4 divide 19990?
False
Is 122 a multiple of 8?
False
Does 19 divide 9369?
False
Does 28 divide 73265?
False
Is 147765 a multiple of 26?
False
Is 22185 a multiple of 153?
True
Does 8 divide 36?
False
Is 219 a factor of 27813?
True
Is 1337 a multiple of 176?
False
Is 6 a factor of 2967?
False
Does 56 divide 17845?
False
Is 924 a multiple of 7?
True
Is 4865 a multiple of 23?
False
Is 19153 a multiple of 9?
False
Is 37292 a multiple of 24?
False
Is 11880 a multiple of 90?
True
Does 3 divide 4605?
True
Does 16 divide 2544?
True
Is 390 a multiple of 5?
True
Does 11 divide 435?
False
Is 14670 a multiple of 163?
True
Is 550 a multiple of 10?
True
Is 15 a factor of 28590?
True
Is 125 a factor of 2136?
False
Is 16 a factor of 1143?
False
Is 1080 a multiple of 20?
True
Is 7 a factor of 12190?
False
Is 117921 a multiple of 306?
False
Is 11155 a multiple of 139?
False
Is 28 a factor of 794?
False
Does 26 divide 2178?
False
Does 5 divide 9517?
False
Is 8 a factor of 17986?
False
Is 403 a multiple of 29?
False
Does 2 divide 416?
True
Is 46 a factor of 22862?
True
Is 5246 a multiple of 61?
True
Does 66 divide 5729?
False
Is 6 a factor of 12137?
False
Is 17701 a multiple of 31?
True
Does 13 divide 273?
True
Does 5 divide 2210?
True
Is 660 a multiple of 60?
True
Is 10824 a multiple of 12?
True
Does 22 divide 8338?
True
Does 11 divide 4826?
False
Is 101 a multiple of 6?
False
Is 1610 a multiple of 7?
True
Does 101 divide 6105?
False
Does 15 divide 19739?
False
Does 20 divide 2207?
False
Is 5461 a multiple of 4?
False
Is 30 a factor of 1504?
False
Is 1782 a multiple of 99?
True
Is 1514 a multiple of 55?
False
Does 264 divide 46702?
False
Is 1147 a multiple of 9?
False
Does 7 divide 213?
False
Does 22 divide 46459?
False
Is 6964 a multiple of 145?
False
Does 13 divide 24797?
False
Is 3 a factor of 940?
False
Is 26371 a multiple of 71?
False
Does 82 divide 109963?
False
Does 14 divide 53214?
True
Is 69 a factor of 1737?
False
Is 2192 a multiple of 4?
True
Is 14 a factor of 268?
False
Is 12 a factor of 2088?
True
Is 926 a multiple of 112?
False
Is 30 a factor of 1890?
True
Is 10 a factor of 1580?
True
Is 18 a factor of 1260?
True
Is 58166 a multiple of 16?
False
Is 140 a multiple of 7?
True
Is 26 a factor of 208?
True
Does 12 divide 4853?
False
Does 349 divide 2101?
False
Is 1463 a multiple of 11?
True
Does 33 divide 16163?
False
Is 52 a factor of 1402?
False
Is 108 a multiple of 9?
True
Does 2 divide 83?
False
Is 28912 a multiple of 208?
True
Is 180 a multiple of 2?
True
Is 731 even?
False
Is 19241 a multiple of 73?
False
Is 156 a multiple of 14?
False
Does 29 divide 261?
True
Is 43794 a multiple of 104?
False
Does 5 divide 1030?
True
Does 83 divide 30046?
True
Is 6504 a multiple of 38?
False
Is 18821 a multiple of 59?
True
Is 65755 a multiple of 13?
False
Is 88 a factor of 24286?
False
Does 8 divide 1359?
False
Does 38 divide 15823?
False
Does 22 divide 8114?
False
Is 45 a factor of 2205?
True
Is 88 a factor of 8155?
False
Is 14 a factor of 1260?
True
Does 23 divide 6348?
True
Does 17 divide 52400?
False
Is 16786 a multiple of 21?
False
Does 80 divide 400?
True
Does 26 divide 1300?
True
Does 50 divide 750?
True
Is 17 a factor of 9027?
True
Does 29 divide 6194?
False
Does 23 divide 164?
False
Does 22 divide 5764?
True
Is 14 a factor of 2758?
True
Is 6188 a multiple of 34?
True
Is 36 a factor of 3024?
True
Is 253 a multiple of 4?
False
Is 3080 a multiple of 70?
True
Is 16475 a multiple of 104?
False
Does 142 divide 39303?
False
Does 20 divide 47104?
False
Is 38 a factor of 114?
True
Is 16912 a multiple of 7?
True
Is 22 a factor of 5566?
True
Does 95 divide 14752?
False
Is 1410 a multiple of 10?
True
Is 13 a factor of 191?
False
Does 2 divide 257?
False
Is 8 a factor of 42272?
True
Is 24 a factor of 122014?
False
Does 25 divide 965?
False
Does 25 divide 847?
False
Does 31 divide 17515?
True
Is 12 a factor of 12347?
False
Does 17 divide 7650?
True
Is 73 a factor of 1168?
True
Is 32 a factor of 3200?
True
Is 35 a factor of 1925?
True
Does 35 divide 1806?
False
Is 83 a factor of 4368?
False
Is 672 a multiple of 3?
True
Is 13572 a multiple of 128?
False
Is 602 a multiple of 43?
True
Does 21 divide 922?
False
Is 57792 a multiple of 8?
True
Does 23 divide 169219?
False
Does 28 divide 980?
True
Is 87 a factor of 3083?
False
Is 214 a factor of 199555?
False
Does 29 divide 1218?
True
Is 3512 a multiple of 30?
False
Is 1236 a multiple of 6?
True
Does 98 divide 36750?
True
Is 959 a multiple of 18?
False
Is 6 a factor of 634?
False
Is 417 a factor of 98775?
False
Does 56 divide 204?
False
Does 11 divide 605?
True
Does 61 divide 4331?
True
Is 514 a multiple of 26?
False
Does 64 divide 31360?
True
Is 19 a factor of 4313?
True
Does 32 divide 1056?
True
Is 38214 a multiple of 18?
True
Does 4 divide 8520?
True
Is 60 a factor of 7800?
True
Is 25 a factor of 3000?
True
Is 111 even?
False
Is 24 a factor of 3048?
True
Is 22 a factor of 16742?
True
Is 4292 a multiple of 33?
False
Is 4 a factor of 1555?
False
Is 8423 a multiple of 3?
False
Does 4 divide 3132?
True
Is 6 a factor of 1965?
False
Is 27 a factor of 7538?
False
Does 58 divide 10606?
False
Does 14 divide 14036?
False
Does 6 divide 708?
True
Is 9 a factor of 17397?
True
Does 8 divide 11360?
True
Is 54 a factor of 9421?
False
Is 10 a factor of 885?
False
Is 722 a multiple of 11?
False
Is 10 a factor of 406?
False
Is 146682 a multiple of 25?
False
Is 1785 a multiple of 57?
False
Does 12 divide 24?
True
Does 24 divide 50870?
False
Does 8 divide 408?
True
Does 9 divide 6361?
False
Is 10617 a multiple of 80?
False
Is 72 a factor of 1300?
False
Is 8304 a multiple of 12?
True
Does 26 divide 423?
False
Does 6 divide 693?
False
Is 4 a factor of 167?
False
Is 7 a factor of 1911?
True
Is 38 a factor of 17214?
True
Is 53 a factor of 8056?
True
Does 20 divide 23796?
False
Is 4 a factor of 240?
True
Is 5 a factor of 4173?
False
Is 24 a factor of 7290?
False
Does 40 divide 42560?
True
Is 68 a factor of 25364?
True
Is 15731 a multiple of 13?
False
Is 65 a factor of 12362?
False
Is 1575 a multiple of 61?
False
Is 2 a factor of 89?
False
Is 4 a factor of 1461?
False
Does 57 divide 3712?
False
Is 298 a multiple of 6?
False
Does 5 divide 75?
True
Does 37 divide 19462?
True
Is 47670 a multiple of 227?
True
Is 20 a factor of 17460?
True
Is 10760 a multiple of 8?
True
Is 19 a factor of 598?
False
Is 215 a multiple of 9?
False
Does 207 divide 8694?
True
Is 258 a factor of 5934?
True
Does 11 divide 968?
True
Does 13 divide 1430?
True
Is 10 a factor of 3440?
True
Is 10 a factor of 27550?
True
Does 45 divide 675?
True
Is 297 a multiple of 2?
False
Is 1820 a multiple of 26?
True
Is 13 a factor of 77569?
False
Is 252 a multiple of 92?
False
Is 424 a multiple of 20?
False
Does 17 divide 22967?
True
Is 54 a factor of 1350?
True
Is 3756 a multiple of 12?
True
Is 19 a factor of 1933?
False
Is 15 a factor of 35145?
True
Is 33 a factor of 13992?
True
Does 10 divide 1160?
True
Is 107 a factor of 11342?
True
Does 81 divide 4212?
True
Is 19046 a multiple of 207?
False
Is 156 a factor of 69108?
True
Is 76 a factor of 12302?
False
Is 4 a factor of 81?
False
Is 14 a factor of 10067?
False
Is 820 a multiple of 37?
False
Does 4 divide 1317?
False
Is 75 a factor of 7214?
False
Is 35760 a multiple of 53?
False
Is 8 a factor of 7236?
False
Is 92364 a multiple of 43?
True
Is 1254 a multiple of 19?
True
Is 441 a multiple of 21?
True
Is 37 a factor of 795?
False
Does 27 divide 1944?
True
Is 26 a factor of 39?
False
Does 25 divide 14704?
False
Is 3930 a multiple of 10?
True
Is 11 a factor of 11?
True
Is 758 a multiple o